se 12.
-80b4
6dbb (base 14) to base 12
b121
Convert 7c5 (base 14) to base 2.
11000001001
15151 (base 6) to base 3
10100111
-122001022 (base 3) to base 10
-12428
-141 (base 7) to base 2
-1001110
Convert 10120 (base 5) to base 13.
3ba
Convert 10343 (base 5) to base 11.
5a8
Convert 110112 (base 3) to base 11.
288
Convert 1202010 (base 3) to base 4.
103320
Convert -2c60 (base 16) to base 14.
-41d6
What is 101111 (base 3) in base 8?
433
What is 60304 (base 8) in base 9?
36874
What is 201112201 (base 3) in base 15?
434d
5055 (base 8) to base 15
b8a
Convert 25165 (base 11) to base 10.
36129
338 (base 10) to base 11
288
What is 5660 (base 10) in base 16?
161c
0 (base 9) to base 11
0
Convert 1013222 (base 5) to base 15.
4e27
-14c8c (base 15) to base 16
-1058d
1000001010000 (base 2) to base 4
1001100
-1420 (base 6) to base 3
-111210
Convert 4b8 (base 15) to base 2.
10000110001
What is 15c (base 14) in base 13?
185
Convert -10010111011100 (base 2) to base 6.
-112512
acb (base 14) to base 13
c87
What is -123 (base 6) in base 7?
-102
-11240 (base 10) to base 4
-2233220
What is 1029 (base 10) in base 5?
13104
41534 (base 6) to base 5
134402
Convert 1282 (base 10) to base 3.
1202111
What is 211200120 (base 3) in base 10?
16539
Convert 1312 (base 8) to base 16.
2ca
111121 (base 4) to base 11
1035
Convert 423 (base 7) to base 11.
184
What is 342 (base 13) in base 6?
2333
21110210 (base 3) to base 16
1548
What is 1401 (base 6) in base 13?
21a
2278 (base 14) to base 5
142421
Convert 1221111021 (base 3) to base 5.
2211031
What is -1475 (base 8) in base 10?
-829
-356 (base 9) to base 16
-126
-c905 (base 14) to base 16
-8789
-1030304 (base 5) to base 15
-531e
Convert -23110 (base 6) to base 14.
-12a6
Convert 12410 (base 6) to base 7.
5322
What is -547 (base 8) in base 10?
-359
17b6 (base 15) to base 6
35413
What is -8139 (base 12) in base 9?
-21200
5205 (base 8) to base 6
20245
638 (base 15) to base 10
1403
-1875 (base 14) to base 2
-1000100111111
Convert -6064 (base 7) to base 10.
-2104
What is 6586 (base 10) in base 14?
2586
What is 554033 (base 6) in base 7?
251553
What is 33233 (base 6) in base 4?
1020111
What is 1555 (base 7) in base 6?
2524
What is -2b (base 15) in base 12?
-35
Convert 3404 (base 5) to base 10.
479
Convert -293a (base 12) to base 8.
-11276
Convert -d22f (base 16) to base 11.
-37476
What is -3030 (base 9) in base 4?
-202212
Convert -10021020 (base 3) to base 4.
-211032
-77453 (base 8) to base 2
-111111100101011
What is -1214 (base 5) in base 12?
-134
What is -cd79 (base 14) in base 12?
-18713
2975 (base 11) to base 13
198b
Convert 5953 (base 12) to base 4.
2130033
What is -1200200 (base 3) in base 5?
-14413
Convert -29 (base 12) to base 9.
-36
Convert 4 (base 12) to base 15.
4
What is 11001001 (base 2) in base 4?
3021
-11100 (base 2) to base 7
-40
Convert 11203 (base 4) to base 16.
163
What is -23513 (base 7) in base 13?
-2a02
c68c (base 14) to base 11
23797
3830 (base 16) to base 9
21652
What is -20430 (base 8) in base 13?
-3b19
-1433 (base 9) to base 6
-5003
Convert -175 (base 10) to base 11.
-14a
What is 11000111101111 (base 2) in base 12?
7493
Convert -c830 (base 14) to base 10.
-34538
What is -470 (base 16) in base 9?
-1502
What is -11000101 (base 2) in base 7?
-401
-23044 (base 5) to base 15
-74e
Convert 330 (base 10) to base 6.
1310
Convert -2222 (base 3) to base 13.
-62
Convert 1114334 (base 5) to base 16.
4e01
-14d7 (base 16) to base 13
-2575
What is 3344 (base 5) in base 15?
219
-155 (base 7) to base 12
-75
-2379 (base 15) to base 16
-1d73
What is 1011000100 (base 2) in base 4?
23010
What is 320 (base 9) in base 5?
2021
Convert a7b (base 15) to base 16.
93e
Convert 264 (base 9) to base 7.
433
Convert -3626 (base 7) to base 9.
-1752
Convert 85ac (base 13) to base 10.
18563
-3010 (base 5) to base 11
-316
-12334 (base 11) to base 9
-26250
1000211 (base 3) to base 12
527
What is -3c3 (base 16) in base 6?
-4243
What is -11120 (base 3) in base 14?
-8b
What is -387 (base 10) in base 2?
-110000011
1fc (base 16) to base 2
111111100
Convert -100000111011 (base 2) to base 8.
-4073
Convert 8331 (base 12) to base 16.
37d5
Convert -12450 (base 6) to base 7.
-5355
Convert 6112 (base 7) to base 13.
c6a
-5411 (base 8) to base 14
-105b
What is 187 (base 13) in base 3?
101101
-b01a (base 15) to base 3
-1212221221
What is 5711 (base 8) in base 4?
233021
What is -10133 (base 10) in base 5?
-311013
-489 (base 11) to base 3
-210112
What is 24cf (base 16) in base 6?
111343
What is 30123 (base 4) in base 13?
492
-40226 (base 8) to base 2
-100000010010110
-5403 (base 6) to base 15
-56c
What is 66126 (base 7) in base 9?
24610
What is -12320 (base 5) in base 4?
-33000
107 (base 9) to base 4
1120
Convert -1170 (base 9) to base 8.
-1551
What is 7a1b (base 16) in base 8?
75033
What is 227 (base 13) in base 7?
1040
Convert 10011010100011 (base 2) to base 3.
111120100
483 (base 10) to base 3
122220
What is 1344 (base 10) in base 6?
10120
What is -11101101 (base 2) in base 9?
-283
Convert 21331 (base 4) to base 10.
637
What is -662 (base 8) in base 14?
-230
Convert -38087 (base 9) to base 6.
-314254
-348 (base 9) to base 7
-560
-600 (base 8) to base 7
-1056
Convert 31131 (base 7) to base 12.
44a9
Convert -10 (base 3) to base 6.
-3
Convert -165b (base 12) to base 5.
-41123
What is -10101100101110 (base 2) in base 4?
-2230232
Convert -2101 (base 4) to base 10.
-145
31344 (base 5) to base 8
4063
What is 30213103 (base 4) in base 6?
1035111
422 (base 5) to base 2
1110000
Convert 75a (base 16) to base 12.
110a
What is -76083 (base 10) in base 16?
-12933
What is -130231 (base 5) in base 7?
-20525
What is -16d (base 14) in base 15?
-148
Convert 11439 (base 12) to base 3.
1011200000
-50461 (base 9) to base 4
-20012200
Convert 21131 (base 4) to base 7.
1523
What is dd9 (base 16) in base 12?
2075
Convert 31113 (base 4) to base 14.
451
What is 425 (base 11) in base 3?
200221
-3453 (base 13) to base 11
-5569
Convert -220310 (base 6) to base 9.
-27036
What is -43 (base 12) in base 4?
-303
Convert 2543 (base 6) to base 11.
531
What is -331 (base 14) in base 4?
-21313
What is 3123 (base 9) in base 7?
6450
Convert 8757 (base 10) to base 9.
13010
What is -73a8 (base 15) in base 2?
-101111110001010
What is -383 (base 11) in base 6?
-2034
-6dea (base 15) to base 7
-125131
Convert 9069 (base 11) to base 9.
17473
Convert -11010011111 (base 2) to base 16.
-69f
What is -8a5a (base 16) in base 2?
-1000101001011010
-12805 (base 9) to base 6
-104052
10110100011 (base 2) to base 9
1873
Convert 33a (base 11) to base 10.
406
What is -204 (base 12) in base 4?
-10210
253 (base 8) to base 16
ab
What is 145 (base 16) in base 15?
16a
What is -b4 (base 12) in base 5?
-1021
Convert 122200000 (base 3) to base 5.
403004
-111102 (base 3) to base 15
-192
What is 42010 (base 7) in base 4?
2200321
-202362 (base 7) to base 3
-1202022110
-100101110000 (base 2) to base 5
-34131
What is -3431313 (base 5) in base 13?
-21c87
Convert -c49 (base 15) to base 8.
-5321
Convert -132 (base 12) to base 5.
-1212
1312234 (base 5) to base 11
18546
What is 159c (base 13) in base 4?
301203
22021222 (base 3) to base 12
35bb
-3322024 (base 5) to base 11
-3a443
251 (base 16) to base 4
21101
What is 10101101110 (base 2) in base 7?
4024
Convert 7783 (base 10) to base 13.
3709
Convert -83 (base 10) to base 2.
-1010011
What is -5141 (base 11) in base 9?
-10318
Convert -37 (base 13) to base 10.
-46
48b (base 16) to base 12
80b
What is 24122 (base 5) in base 8?
3373
Convert 1212201212 (base 3) to base 4.
21001322
-6426 (base 16) to base 2
-110010000100110
-1150 (base 9) to base 14
-451
Convert 5336 (base 8) to base 13.
1360
-244 (base 10) to base 9
-301
Convert 323001 (base 4) to base 2.
111011000001
Convert 21012210 (base 3) to base 15.
1859
Convert -106 (base 15) to base 3.
-22120
-1233231 (base 4) to base 16
-1bed
What is 31414 (base 5) in base 2?
100000111101
Convert 656 (base 14) to base 16.
4e4
2386a (base 11) to base 7
202025
-122f (base 16) to base 9
-6342
What is -33368 (base 9) in base 16?
-569f
Convert -19a24 (base 11) to base 12.
-14154
What is a36 (base 16) in base 5?
40424
Convert 2511a (base 12) to base 7.
266404
What is -97 (base 15) in base 14?
-a2
What is -a470 (base 11) in base 7?
-55304
915 (base 12) to base 11